{"id":285,"date":"2022-08-30T14:55:10","date_gmt":"2022-08-30T14:55:10","guid":{"rendered":"http:\/\/didascalieafr.com\/?page_id=285"},"modified":"2025-09-22T13:41:02","modified_gmt":"2025-09-22T13:41:02","slug":"demarche-qualite","status":"publish","type":"page","link":"https:\/\/didascalieafr.com\/?page_id=285","title":{"rendered":"D\u00c9MARCHE QUALIT\u00c9"},"content":{"rendered":"\n<p><\/p>\n\n\n\n<h2>Am\u00e9lioration continue <\/h2>\n\n\n\n<p>Notre principe fondamental est de r\u00e9pondre de la mani\u00e8re la plus fine aux besoins des associations qui nous contactent. Ainsi, pour \u00eatre au plus pr\u00e8s de vos attentes, nous nous appuyons sur notre <a href=\"https:\/\/drive.google.com\/file\/d\/1LjJmPBYNuYxf0CkQirGtEoGsTlf35n7G\/view?usp=sharing\" target=\"_blank\" rel=\"noreferrer noopener\">proc\u00e9dure d&rsquo;am\u00e9lioration continue<\/a>, en r\u00e9pondant \u00e0 ces diff\u00e9rentes \u00e9tapes : <\/p>\n\n\n\n<ul>\n<li>Recueil des besoins de l\u2019association<\/li>\n\n\n\n<li>Recueil des attentes de chaque stagiaire<\/li>\n\n\n\n<li>D\u00e9finition d\u2019objectifs op\u00e9rationnels individuels et collectifs<\/li>\n\n\n\n<li>Auto-\u00e9valuation des acquis en d\u00e9but de chaque formation<\/li>\n\n\n\n<li>Contr\u00f4le continu (par du feed-back) des acquisitions des stagiaires durant la formation<\/li>\n\n\n\n<li>Analyse des \u00e9valuations \u00e0 chaud et \u00e0 froid<\/li>\n\n\n\n<li>Mises en place d\u2019actions correctives<\/li>\n<\/ul>\n\n\n\n<p><\/p>\n\n\n\n<h2>Handicap <\/h2>\n\n\n\n<p>Parce que chacun a la droit \u00e0 la formation tout au long de la vie (FTLV), nous nous entourant d&rsquo;un certain nombre de partenaires sp\u00e9cialis\u00e9s dans le champ du handicap qui nous aident \u00e0  b\u00e9n\u00e9ficier des \u00e9quipements n\u00e9cessaires pour qu&rsquo;une personne en situation de handicap puisse participer \u00e0 nos formations. <\/p>\n\n\n\n<h2>Qualiopi <\/h2>\n\n\n\n<p>Nous sommes certifi\u00e9s Qualiopi pour des actions de formation depuis le 21 septembre 2022<\/p>\n\n\n<div class=\"wp-block-image\">\n<figure class=\"aligncenter size-large\"><img decoding=\"async\" loading=\"lazy\" width=\"724\" height=\"1024\" src=\"https:\/\/didascalieafr.com\/wp-content\/uploads\/2025\/09\/Certificat-Qualiopi-renouvellement-Cofrac_page-0001-724x1024.jpg\" alt=\"\" class=\"wp-image-785\" srcset=\"https:\/\/didascalieafr.com\/wp-content\/uploads\/2025\/09\/Certificat-Qualiopi-renouvellement-Cofrac_page-0001-724x1024.jpg 724w, https:\/\/didascalieafr.com\/wp-content\/uploads\/2025\/09\/Certificat-Qualiopi-renouvellement-Cofrac_page-0001-212x300.jpg 212w, https:\/\/didascalieafr.com\/wp-content\/uploads\/2025\/09\/Certificat-Qualiopi-renouvellement-Cofrac_page-0001-768x1087.jpg 768w, https:\/\/didascalieafr.com\/wp-content\/uploads\/2025\/09\/Certificat-Qualiopi-renouvellement-Cofrac_page-0001-1085x1536.jpg 1085w, https:\/\/didascalieafr.com\/wp-content\/uploads\/2025\/09\/Certificat-Qualiopi-renouvellement-Cofrac_page-0001.jpg 1240w\" sizes=\"(max-width: 724px) 100vw, 724px\" \/><\/figure><\/div>\n\n\n<div class=\"is-layout-flex wp-container-3 wp-block-columns\">\n<div class=\"is-layout-flow wp-block-column\" style=\"flex-basis:66.66%\"><\/div>\n\n\n\n<div class=\"is-layout-flow wp-block-column\" style=\"flex-basis:100%\"><\/div>\n<\/div>\n","protected":false},"excerpt":{"rendered":"<p>Am\u00e9lioration continue Notre principe fondamental est de r\u00e9pondre de la mani\u00e8re la plus fine aux besoins des associations qui nous contactent. Ainsi, pour \u00eatre au plus pr\u00e8s de vos attentes, nous nous appuyons sur notre proc\u00e9dure d&rsquo;am\u00e9lioration continue, en r\u00e9pondant \u00e0 ces diff\u00e9rentes \u00e9tapes : Handicap Parce que chacun a la droit \u00e0 la formation [&hellip;]<\/p>\n","protected":false},"author":1,"featured_media":0,"parent":0,"menu_order":0,"comment_status":"closed","ping_status":"closed","template":"","meta":[],"yoast_head":"<!-- This site is optimized with the Yoast SEO plugin v20.4 - https:\/\/yoast.com\/wordpress\/plugins\/seo\/ -->\n<title>D\u00c9MARCHE QUALIT\u00c9 - Didascalie<\/title>\n<meta name=\"robots\" content=\"index, follow, max-snippet:-1, max-image-preview:large, max-video-preview:-1\" \/>\n<link rel=\"canonical\" href=\"https:\/\/didascalieafr.com\/?page_id=285\" \/>\n<meta property=\"og:locale\" content=\"fr_FR\" \/>\n<meta property=\"og:type\" content=\"article\" \/>\n<meta property=\"og:title\" content=\"D\u00c9MARCHE QUALIT\u00c9 - Didascalie\" \/>\n<meta property=\"og:description\" content=\"Am\u00e9lioration continue Notre principe fondamental est de r\u00e9pondre de la mani\u00e8re la plus fine aux besoins des associations qui nous contactent. Ainsi, pour \u00eatre au plus pr\u00e8s de vos attentes, nous nous appuyons sur notre proc\u00e9dure d&rsquo;am\u00e9lioration continue, en r\u00e9pondant \u00e0 ces diff\u00e9rentes \u00e9tapes : Handicap Parce que chacun a la droit \u00e0 la formation [&hellip;]\" \/>\n<meta property=\"og:url\" content=\"https:\/\/didascalieafr.com\/?page_id=285\" \/>\n<meta property=\"og:site_name\" content=\"Didascalie\" \/>\n<meta property=\"article:modified_time\" content=\"2025-09-22T13:41:02+00:00\" \/>\n<meta property=\"og:image\" content=\"https:\/\/didascalieafr.com\/wp-content\/uploads\/2025\/09\/Certificat-Qualiopi-renouvellement-Cofrac_page-0001-724x1024.jpg\" \/>\n<meta name=\"twitter:card\" content=\"summary_large_image\" \/>\n<meta name=\"twitter:label1\" content=\"Dur\u00e9e de lecture estim\u00e9e\" \/>\n\t<meta name=\"twitter:data1\" content=\"2 minutes\" \/>\n<script type=\"application\/ld+json\" class=\"yoast-schema-graph\">{\"@context\":\"https:\/\/schema.org\",\"@graph\":[{\"@type\":\"WebPage\",\"@id\":\"https:\/\/didascalieafr.com\/?page_id=285\",\"url\":\"https:\/\/didascalieafr.com\/?page_id=285\",\"name\":\"D\u00c9MARCHE QUALIT\u00c9 - Didascalie\",\"isPartOf\":{\"@id\":\"https:\/\/didascalieafr.com\/#website\"},\"datePublished\":\"2022-08-30T14:55:10+00:00\",\"dateModified\":\"2025-09-22T13:41:02+00:00\",\"breadcrumb\":{\"@id\":\"https:\/\/didascalieafr.com\/?page_id=285#breadcrumb\"},\"inLanguage\":\"fr-FR\",\"potentialAction\":[{\"@type\":\"ReadAction\",\"target\":[\"https:\/\/didascalieafr.com\/?page_id=285\"]}]},{\"@type\":\"BreadcrumbList\",\"@id\":\"https:\/\/didascalieafr.com\/?page_id=285#breadcrumb\",\"itemListElement\":[{\"@type\":\"ListItem\",\"position\":1,\"name\":\"Accueil\",\"item\":\"https:\/\/didascalieafr.com\/\"},{\"@type\":\"ListItem\",\"position\":2,\"name\":\"D\u00c9MARCHE QUALIT\u00c9\"}]},{\"@type\":\"WebSite\",\"@id\":\"https:\/\/didascalieafr.com\/#website\",\"url\":\"https:\/\/didascalieafr.com\/\",\"name\":\"Didascalie\",\"description\":\"DES M\u00c9THODES ET DES ACTIONS AU SERVICE DE l&#039;HUMAIN\",\"potentialAction\":[{\"@type\":\"SearchAction\",\"target\":{\"@type\":\"EntryPoint\",\"urlTemplate\":\"https:\/\/didascalieafr.com\/?s={search_term_string}\"},\"query-input\":\"required name=search_term_string\"}],\"inLanguage\":\"fr-FR\"}]}<\/script>\n<!-- \/ Yoast SEO plugin. -->","yoast_head_json":{"title":"D\u00c9MARCHE QUALIT\u00c9 - Didascalie","robots":{"index":"index","follow":"follow","max-snippet":"max-snippet:-1","max-image-preview":"max-image-preview:large","max-video-preview":"max-video-preview:-1"},"canonical":"https:\/\/didascalieafr.com\/?page_id=285","og_locale":"fr_FR","og_type":"article","og_title":"D\u00c9MARCHE QUALIT\u00c9 - Didascalie","og_description":"Am\u00e9lioration continue Notre principe fondamental est de r\u00e9pondre de la mani\u00e8re la plus fine aux besoins des associations qui nous contactent. Ainsi, pour \u00eatre au plus pr\u00e8s de vos attentes, nous nous appuyons sur notre proc\u00e9dure d&rsquo;am\u00e9lioration continue, en r\u00e9pondant \u00e0 ces diff\u00e9rentes \u00e9tapes : Handicap Parce que chacun a la droit \u00e0 la formation [&hellip;]","og_url":"https:\/\/didascalieafr.com\/?page_id=285","og_site_name":"Didascalie","article_modified_time":"2025-09-22T13:41:02+00:00","og_image":[{"url":"https:\/\/didascalieafr.com\/wp-content\/uploads\/2025\/09\/Certificat-Qualiopi-renouvellement-Cofrac_page-0001-724x1024.jpg"}],"twitter_card":"summary_large_image","twitter_misc":{"Dur\u00e9e de lecture estim\u00e9e":"2 minutes"},"schema":{"@context":"https:\/\/schema.org","@graph":[{"@type":"WebPage","@id":"https:\/\/didascalieafr.com\/?page_id=285","url":"https:\/\/didascalieafr.com\/?page_id=285","name":"D\u00c9MARCHE QUALIT\u00c9 - Didascalie","isPartOf":{"@id":"https:\/\/didascalieafr.com\/#website"},"datePublished":"2022-08-30T14:55:10+00:00","dateModified":"2025-09-22T13:41:02+00:00","breadcrumb":{"@id":"https:\/\/didascalieafr.com\/?page_id=285#breadcrumb"},"inLanguage":"fr-FR","potentialAction":[{"@type":"ReadAction","target":["https:\/\/didascalieafr.com\/?page_id=285"]}]},{"@type":"BreadcrumbList","@id":"https:\/\/didascalieafr.com\/?page_id=285#breadcrumb","itemListElement":[{"@type":"ListItem","position":1,"name":"Accueil","item":"https:\/\/didascalieafr.com\/"},{"@type":"ListItem","position":2,"name":"D\u00c9MARCHE QUALIT\u00c9"}]},{"@type":"WebSite","@id":"https:\/\/didascalieafr.com\/#website","url":"https:\/\/didascalieafr.com\/","name":"Didascalie","description":"DES M\u00c9THODES ET DES ACTIONS AU SERVICE DE l&#039;HUMAIN","potentialAction":[{"@type":"SearchAction","target":{"@type":"EntryPoint","urlTemplate":"https:\/\/didascalieafr.com\/?s={search_term_string}"},"query-input":"required name=search_term_string"}],"inLanguage":"fr-FR"}]}},"_links":{"self":[{"href":"https:\/\/didascalieafr.com\/index.php?rest_route=\/wp\/v2\/pages\/285"}],"collection":[{"href":"https:\/\/didascalieafr.com\/index.php?rest_route=\/wp\/v2\/pages"}],"about":[{"href":"https:\/\/didascalieafr.com\/index.php?rest_route=\/wp\/v2\/types\/page"}],"author":[{"embeddable":true,"href":"https:\/\/didascalieafr.com\/index.php?rest_route=\/wp\/v2\/users\/1"}],"replies":[{"embeddable":true,"href":"https:\/\/didascalieafr.com\/index.php?rest_route=%2Fwp%2Fv2%2Fcomments&post=285"}],"version-history":[{"count":33,"href":"https:\/\/didascalieafr.com\/index.php?rest_route=\/wp\/v2\/pages\/285\/revisions"}],"predecessor-version":[{"id":788,"href":"https:\/\/didascalieafr.com\/index.php?rest_route=\/wp\/v2\/pages\/285\/revisions\/788"}],"wp:attachment":[{"href":"https:\/\/didascalieafr.com\/index.php?rest_route=%2Fwp%2Fv2%2Fmedia&parent=285"}],"curies":[{"name":"wp","href":"https:\/\/api.w.org\/{rel}","templated":true}]}}